*l - 5058. Calculate d(-129).
-27
Let q(m) = -m**2 + 66*m - 451. Give q(8).
13
Let q(s) = 24*s**2 - 37*s + 11. Give q(2).
33
Let i(u) = 2*u**2 - 83*u + 122. Calculate i(40).
2
Let t(j) = j**3 - 2*j**2 - 17*j + 27. Calculate t(4).
-9
Let f(p) = -10*p + 50. Give f(5).
0
Let w(r) = 18*r - 1195. Determine w(71).
83
Let s(h) = -258*h + 127. Calculate s(-1).
385
Let m(x) = -85*x + 208. Calculate m(6).
-302
Let l(m) = -21*m**2 - 44*m - 5. Determine l(-2).
-1
Let u(j) = -15*j + 79. What is u(20)?
-221
Let w(g) = 2*g**2 + 77*g - 45. Give w(-39).
-6
Let r(x) = -2728*x - 62758. Determine r(-23).
-14
Let j(w) = -385*w + 1507. Give j(4).
-33
Let l(d) = -144*d + 75. What is l(1)?
-69
Let o(m) = m**2 - 57*m + 49. Calculate o(56).
-7
Let b(d) = 9*d**2 - 248*d - 12. Determine b(0).
-12
Let p(u) = -118*u - 3891. Determine p(-33).
3
Let y(m) = -381*m + 46460. What is y(122)?
-22
Let y(z) = 15*z**3 - 89*z**2 - 3*z - 31. Give y(6).
-13
Let q(o) = 27*o + 383. Give q(-16).
-49
Let z(v) = 55*v + 245. Determine z(-4).
25
Let y(w) = -78*w + 462. Give y(10).
-318
Let j(t) = t**3 + 5*t**2 - 66*t - 14. Determine j(-11).
-14
Let p(g) = -g**2 + 1395*g - 6943. What is p(5)?
7
Let x(y) = 749*y + 8214. Determine x(-11).
-25
Let c(i) = i**2 - 100*i + 2031. What is c(71)?
-28
Let i(g) = -g**3 + 58*g**2 + 201*g - 1083. Give i(61).
15
Let b(p) = -p**3 + 79*p**2 - 227*p - 7. Determine b(3).
-4
Let k(d) = -2*d**3 + 111*d**2 - 269*d + 224. Determine k(53).
12
Let w(v) = 2*v**2 - 22*v - 1683. Determine w(-24).
-3
Let g(x) = -257*x + 196. Give g(3).
-575
Let m(r) = -5*r**3 - r**2 - 4*r + 24. Give m(5).
-646
Let j(q) = q**2 - 43*q - 414. Give j(51).
-6
Let z(k) = -2*k**3 + 11*k**2 + 77*k - 4. Calculate z(-4).
-8
Let w(k) = -3*k**3 - k**2 - k - 2. What is w(-4)?
178
Let m(n) = 276*n**3 - 12*n**2 + 11*n. What is m(1)?
275
Let n(a) = 3454*a - 24156. Determine n(7).
22
Let y(r) = -4*r**3 - 29*r**2 - 4*r - 17. Give y(-7).
-38
Let k(w) = -299*w - 431. Calculate k(-1).
-132
Let d(a) = a**3 - 73*a**2 + 31*a - 2247. Calculate d(73).
16
Let z(h) = -7691*h + 230725. Calculate z(30).
-5
Let l(w) = -3*w**2 - 11*w + 5. Give l(-4).
1
Let i(c) = 314*c + 2501. What is i(-8)?
-11
Let y(d) = -2*d**3 + 175*d**2 - 294*d + 18026. Give y(87).
17
Let d(c) = 97*c - 2436. Determine d(25).
-11
Let k(y) = -y**2 - 6*y - 173. What is k(-12)?
-245
Let o(s) = 609*s + 10942. What is o(-18)?
-20
Let t(i) = -86*i - 447. Calculate t(-5).
-17
Let o(m) = m**3 + 26*m**2 - 30*m - 1. Give o(-27).
80
Let w(j) = -13*j**2 - 130*j - 141. What is w(-9)?
-24
Let l(z) = z**2 + 14*z - 43. Calculate l(4).
29
Let o(z) = -2*z**2 + 811*z + 812. Determine o(-1).
-1
Let o(q) = -q**2 + 22*q - 36. Give o(39).
-699
Let q(f) = f**3 + 60*f**2 + 376*f + 266. What is q(-53)?
1
Let j(h) = 2*h**2 + 113*h + 1577. Determine j(-31).
-4
Let p(v) = v**3 - 47*v**2 - 48*v - 5. Calculate p(48).
-5
Let i(q) = -2*q**2 + 94*q + 366. What is i(52)?
-154
Let r(k) = 2*k**2 + 31*k + 102. Calculate r(-5).
-3
Let c(y) = y**2 - 59*y + 210. Calculate c(41).
-528
Let k(c) = c**2 + 145*c - 7160. What is k(39)?
16
Let f(c) = -3*c**3 + 21*c**2 - c + 10. Give f(7).
3
Let c(m) = -m**2 + 71*m - 221. Calculate c(63).
283
Let y(k) = k**2 - 23*k - 27. Calculate y(26).
51
Let s(o) = 347*o**3 - o**2 - o - 1. Calculate s(-1).
-348
Let y(d) = 42*d**2 + 201*d - 1. What is y(-5)?
44
Let n(b) = b**3 + 14*b**2 - 120*b + 13. Calculate n(-20).
13
Let l(p) = -16*p**2 - 591*p + 36. Determine l(-37).
-1
Let h(q) = -39*q**2 + 195*q + 15. Determine h(5).
15
Let d(s) = 70*s + 1633. What is d(-24)?
-47
Let p(z) = 106*z - 750. What is p(7)?
-8
Let a(f) = -62*f - 723. Calculate a(-12).
21
Let p(b) = -b**3 + 2*b**2 + 32*b + 13. Give p(6).
61
Let b(p) = -p**3 - 7*p**2 + 17*p + 3. Calculate b(-10).
133
Let g(t) = -t**3 + 102*t**2 - 206*t + 487. What is g(100)?
-113
Let a(d) = -d**2 + 8*d + 28. What is a(-2)?
8
Let u(i) = 22*i**2 + 29*i - 2335. What is u(-11)?
8
Let f(h) = 550*h + 1621. What is f(-3)?
-29
Let l(a) = 2*a**3 - 191*a**2 + 479*a - 1295. Give l(93).
7
Let h(p) = -7*p**2 + 579*p - 979. Calculate h(81).
-7
Let s(v) = 5*v + 231. Give s(-4).
211
Let h(w) = -2*w**2 + 164*w - 1187. Determine h(74).
-3
Let o(x) = -74*x - 321. Calculate o(-5).
49
Let b(a) = 3253*a + 48789. What is b(-15)?
-6
Let x(b) = -b**3 + 5*b**2 + 15*b + 100. Give x(6).
154
Let l(b) = b**3 + 9*b**2 + 12*b + 22. What is l(0)?
22
Let n(w) = 14*w - 472. Give n(37).
46
Let q(h) = -5*h**2 + 22*h + 135. What is q(-7)?
-264
Let j(g) = g**3 + 6*g**2 + 165*g + 1763. What is j(-10)?
-287
Let o(q) = 2*q**3 - 209*q**2 + 706*q + 107. Give o(101).
6
Let b(y) = 49*y - 1607. Calculate b(27).
-284
Let r(b) = 3*b**3 + 499*b**2 + 1146*b - 398. Give r(-164).
-70
Let f(l) = -51*l + 50. Determine f(2).
-52
Let d(o) = -o**3 - 15*o**2 - 36*o - 21. Give d(-10).
-161
Let k(d) = -d**2 - 175*d + 1276. Determine k(7).
2
Let h(o) = -o**3 - 6*o**2 + 562*o + 75. Determine h(21).
-30
Let m(d) = -2*d**2 - 30*d + 91. Calculate m(-18).
-17
Let h(g) = 43*g + 3444. Give h(-80).
4
Let q(j) = -8*j**2 + 49*j + 411. What is q(-7)?
-324
Let t(x) = 26*x**3 - 2*x**2 - 13*x - 11. Give t(-2).
-201
Let s(n) = -n**2 - 42*n + 1936. Give s(-69).
73
Let y(g) = -9*g**2 - 5*g + 24. What is y(-6)?
-270
Let q(o) = 57*o + 793. Give q(-15).
-62
Let n(g) = -g**3 + 3*g**2 - 11*g + 43. What is n(7)?
-230
Let w(o) = -o + 480. Calculate w(-35).
515
Let n(v) = -2*v**3 + 35*v**2 + 143*v + 73. Calculate n(21).
-11
Let x(h) = -40*h + 2565. Determine x(85).
-835
Let o(i) = 2*i**3 + 18*i**2 + 39*i - 4. Give o(-6).
-22
Let l(z) = z**3 + 26*z**2 + 69*z + 516. Determine l(-24).
12
Let f(o) = -o**2 + 947*o - 3761. What is f(4)?
11
Let g(d) = 22059*d - 44124. What is g(2)?
-6
Let w(x) = -229*x + 14652. Determine w(64).
-4
Let l(h) = 78*h**2 + 18*h - 2. What is l(-1)?
58
Let o(y) = 5*y**2 + 10*y + 2. Give o(-1).
-3
Let q(r) = -55*r + 144. Calculate q(5).
-131
Let h(y) = -y**3 + 6*y**2 + 30*y + 40. Give h(10).
-60
Let i(p) = 12710*p + 76258. What is i(-6)?
-2
Let o(p) = -455*p + 1830. Determine o(4).
10
Let g(n) = 12*n - 536. What is g(45)?
4
Let s(h) = 24*h - 134. What is s(7)?
34
Let b(p) = 3*p**2 - 52*p + 230. What is b(7)?
13
Let y(v) = 79*v - 78. Calculate y(-1).
-157
Let p(b) = -11*b**2 - 235*b - 93. What is p(-21)?
-9
Let f(w) = -9*w**2 + 44*w + 761. Determine f(12).
-7
Let p(k) = 2*k**3 - 121*k**2 + 62*k - 100. What is p(60)?
20
Let r(x) = 23*x - 1014. Give r(44).
-2
Let o(z) = -87*z + 11197. What is o(128)?
61
Let i(x) = -7*x + 924. Calculate i(132).
0
Let q(r) = -r**3 + 6*r**2 + 27*r - 224. Calculate q(6).
-62
Let j(s) = 9*s**2 - 1375*s - 335. What is j(153)?
-29
Let r(z) = -z**3 - 7*z**2 - 28*z - 187. Calculate r(-7).
9
Let n(b) = 18*b**2 - 12*b + 23. Determine n(2).
71
Let p(g) = 163*g - 1790. What is p(11)?
3
Let q(k) = k**2 + 12*k - 1126. What is q(28)?
-6
Let u(l) = 39*l**2 - 236*l - 7. What is u(6)?
-19
Let n(a) = -a**2 + 37*a + 79. Determine n(38).
41
Let t(p) = 100*p - 468. Calculate t(5).
32
Let g(i) = -13*i + 308. Determine g(13).
139
Let c(i) = -9091*i + 9089. What is c(1)?
-2
Let g(c) = -c**3 + 37*c**2 + 83*c - 196. Calculate g(39).
-1
Let a(n) = n**3 - 30*n**2 - 178*n - 18. What is a(35)?
-123
Let s(t) = 401*t + 2392. What is s(-6)?
-14
Let j(t) = 2*t**3 + 10*t**2 - 10*t - 11. Determine j(-5).
39
Let o(k) = 213*k + 4756. Determine o(-22).
70
Let o(z) = 38*z - 24. Give o(4).
128
Let o(h) = h**3 + 3*h**2 + 11*h + 144. Determine o(-8).
-264
Let k(x) = -55*x**2 - 24528*x + 888. What is k(-446)?
-4
Let t(m) = 2*m**2 - 18*m + 54. Determine t(5).
14
Let g(q) = q**2 - 660*q + 8416. Determine g(13).
5
Let d(k) = -k**2 - 119*k - 1979. What is d(-99)?
1
Let t(i) = -2*i**2 - 69*i - 560. What is t(-17)?
35
Let a(b) = -2*b**3 + 2*b**2 - 25*b + 11. Give a(0).
11
Let d(l) = l**3 - 6*l**2 + 2*l - 2. Calculate d(-2).
-38
Let b(p) = 2*p**2 + 478*p + 6306. Determine b(-14).
6
Let s(t) = -5*t**3 - 46*t**2 - 104*t - 25. Determine s(-6).
23
Let l(f) = 3*f**3 - 35*f**2 - 56*f + 65. Calculate l(13).
13
Let y(l) = l**3 + 168*l**2 + 522*l + 4457. What is y(-165)?
2
Let i(f) = 58*f + 459. Calculate i(-8).
-5
Let u(a) = a**2 - 42*a + 276. Determine u(17).
-149
Let p(l) = 66*l**2 - 314*l + 202. Calculate p(4).
2
Let p(t) = -15*t**2 - 29*t - 143. Calculate p(-5).
-373
Let g(k) = -2*k**3 + 6*k**2 + 12*k